4
Let a be (-1)/1 + (0 - 73). Let z = a - -132. What is the tens digit of z?
5
Let c(p) = 2*p**2 + 3*p + 9. Let x be -1 + 6 + (0 - 2) + 3. What is the units digit of c(x)?
9
Let t = 136 + -128. Suppose -660 = -10*q + t*q. What is the units digit of q?
0
Let y(l) = 230*l**3 + 53*l - 52. What is the units digit of y(1)?
1
Suppose -4*d + 5*k + 7 = 0, 2*d - 3*k = -0*k + 3. Suppose -t = -d*t + 52. Let j = t + -5. What is the units digit of j?
1
Suppose -3*c = -228 - 201. What is the units digit of c?
3
Suppose 0*p + 5*z = -2*p + 162, -130 = -2*p + 3*z. Suppose -p = -5*u + 154. What is the tens digit of u?
4
Let n(w) = -2*w**2 + 4*w + 6. Let u(d) = d**2 + d + 1. Let a(o) = -n(o) - u(o). Let h be a(6). What is the tens digit of 0 + (2 - h) - -16?
1
What is the hundreds digit of (-2)/(-4) - (-59706)/36?
6
Let i(g) = 2*g**2 - 5*g + 1. Let b(f) = f - 2. Let c(t) = -t**2 + 7*t. Let m be c(6). Let x be b(m). What is the units digit of i(x)?
3
Suppose 2*d + 5*t - 29 = -11, -4*d + 22 = 3*t. Suppose -d*n + 67 + 749 = 0. What is the tens digit of n?
0
Let v = -39 + 39. Suppose v = 4*u + u - 35. What is the units digit of u?
7
Let m be 8 - 2*8/4. Let i be m/4 + 4/1. Suppose 0 = 3*l + i*q - 91, -5*l = -4*q - 243 + 42. What is the units digit of l?
7
Let c(f) = -1206*f - 300. What is the tens digit of c(-4)?
2
Let c = -60 - -62. Suppose -5*n = c*n - 1659. What is the tens digit of n?
3
Suppose 2*a = 0, 5*a + 0*a = 5*h - 25. Suppose -4 = -h*m + 1. What is the units digit of m + -13*(-2 - -1)?
4
Suppose 0 = 4*k - 5*t - 1902, 5*k + 2*t = 1159 + 1202. Let d = k - 333. What is the units digit of d?
0
Let z(a) = a**3 + 30*a**2 - 38*a + 37. What is the units digit of z(-29)?
0
Let z be 72/(-3)*(9 + -3). Let h = z + 211. What is the units digit of h - 2*(-9)/6?
0
Let a = -2567 + 3662. What is the units digit of a?
5
Let f be 78/((-2)/(16/12)). What is the units digit of f/13 - (-10 - 1)?
7
Suppose 2*o - 2*k - 5189 + 1139 = 0, 5*k = -2*o + 4043. What is the hundreds digit of o?
0
Suppose 13*m - 35*m = -25080. What is the hundreds digit of m?
1
Suppose 0 = 12*i - 658 - 290. What is the units digit of i?
9
Let s(b) = 6*b**2 - 15*b + 18. What is the hundreds digit of s(-8)?
5
Suppose 51 = 5*y + 1. Suppose -y = -2*r - 2. Suppose w = -2*l + 20, -5*w + l = -r*l - 25. What is the units digit of w?
0
Suppose -4*f - 4*y = 13 + 47, -61 = 3*f - 5*y. Suppose -20 = 3*t - 104. Let q = f + t. What is the tens digit of q?
1
Let p(h) = -3*h + 33. Let t be p(10). Suppose 340 = t*k + 7*k. What is the units digit of k?
4
Let d be (4 - 8) + 10 + -3. Suppose -159 = -3*y + 3*h, -3*y - h + 59 = -2*y. Suppose -b = -d*b + y. What is the units digit of b?
8
Let r = 2766 + -1612. What is the units digit of r?
4
Let q(k) = -3*k + 11. Let n be q(-6). Suppose -24*b + n*b - 130 = 0. What is the units digit of b?
6
Suppose -18*t = -78*t + 43500. What is the tens digit of t?
2
Let v be 0/3 + -83 - -1. Let r = 33 + v. Let g = r - -87. What is the units digit of g?
8
What is the thousands digit of 840294/315 + (-3)/5?
2
What is the hundreds digit of -2*-1103*22/11?
4
Suppose -350*k + 340*k = -30580. What is the hundreds digit of k?
0
Let z = -44 + 138. What is the tens digit of z?
9
Let g = -33 + 81. Let m = 83 - g. What is the tens digit of m?
3
Let o(i) = -15 - i**2 - 4 + 8 - 13*i. What is the tens digit of o(-11)?
1
Suppose p = -3*m + 4571, 10*m = -2*p + 12*m + 9134. What is the tens digit of p?
6
Suppose 4*a + 3*b = 20, 3*a = -3*b + 19 - 1. Suppose 5*z = g - 9, z + 0 = -4. What is the units digit of (g - 1)/(-4) - a?
1
Let w(y) = -y + 11. Suppose -3*p - 15 + 6 = 0. Let m be p/(-12) - 39/(-4). What is the units digit of w(m)?
1
Suppose 0 = 6*w - w - 55. Let j(t) = t**2 + 3*t - 1. Let c be j(-5). Suppose c = 2*l - w. What is the units digit of l?
0
Let c(x) = -x**2 - 25*x - 31. Let p be c(-24). Let w(a) = 2*a**2 - 4. What is the units digit of w(p)?
4
Suppose 0 = -4*t - 3*m + 21, 3 = -2*t + 2*m + m. Suppose -h + q = 21, -q + 49 = -t*h - 8. What is the units digit of (h/(-4))/((-2)/(-4))?
9
Suppose -3 = -v - 2*v - 4*m, 0 = -v - 4*m - 7. Let j(g) = 23*g + 33. What is the tens digit of j(v)?
4
Let o(c) = -47*c - 5. Let p be o(2). Let h = -19 - p. Suppose -h = v - 3*v. What is the tens digit of v?
4
Suppose 54 - 74 = -5*f. What is the units digit of (-11)/22*f/(-2) + 27?
8
Suppose -1 = -a, 3*r - 2035 = -a - 0*a. Suppose 1704 - r = 9*b. What is the tens digit of b?
1
Let r = -44 + 27. Let w = 16 + r. What is the units digit of 3 - (-1 + 4*w)?
8
Let b(f) = -f**3 + 2*f**2 + 5*f - 2. Let l(u) = 3*u**3 - 7*u**2 - 15*u + 6. Let r(j) = 8*b(j) + 3*l(j). Suppose 10 = 3*d - 8. What is the units digit of r(d)?
8
Let n(d) = d**2 + 11*d + 3. Let x be n(-17). Let s = x - 50. What is the units digit of s?
5
Suppose 3*k + 1 = -14. Let z be 8/k + (-24)/(-40). Let f(x) = 8*x**2 + x + 1. What is the units digit of f(z)?
8
Let c = -16 + 10. Let l = 8 + c. Suppose -l*h + 2*z + 54 = -0*h, -5*h + 129 = -2*z. What is the tens digit of h?
2
Let o(b) be the third derivative of -b**6/120 - 3*b**5/10 - 11*b**4/24 + 5*b**3/3 - 2*b**2. What is the hundreds digit of o(-18)?
2
Let o be 48/27 + (29/9 - 3). Suppose r + 117 = 3*p, -p - o*r = -3*p + 82. What is the units digit of p?
8
What is the units digit of -8 + 4 + (344 - -4)?
4
Let k(c) = c**2 + 25*c + 48. Let o be k(-23). Let d = -4 - -5. What is the tens digit of (d/1)/(o/98)?
4
Let h(d) = -4*d**2 + 3*d - 4. Let a(f) = -7*f + 9 + 7*f**2 + 3*f - 2*f. Let j(x) = 3*a(x) + 5*h(x). What is the units digit of j(3)?
7
Let k be (-1)/2 + 1126/4 + 3. Let c = k - 199. What is the units digit of c?
5
What is the units digit of (23/((-276)/24))/((-2)/5)?
5
Suppose o - x + 4 = -7, 5*o - 2*x + 46 = 0. Let c(u) = -2*u - 11. Let a be c(o). Suppose 2*l - 4*i + 6 = 36, a*l - 20 = -i. What is the units digit of l?
5
Let q(t) = -2*t - 9. Suppose -4*f = -f - 33. Suppose f + 9 = -2*h. What is the units digit of q(h)?
1
Suppose 3*b + 9 = 3*g, -b - 15 = 3*b - 3*g. Let c be (-115)/(-13) - b/39. Suppose c*a = 5*a + 180. What is the units digit of a?
5
Let u be (-6)/(-16) + 3 + 52/32. Let o be (-4)/(-2)*9/6. What is the units digit of (-14)/o*(2 - u)?
4
Let t be (-4)/(2 - 20/6). Suppose 600 = 5*p + 4*r, -2*r - t*r = 0. What is the tens digit of p?
2
Suppose -3*w = -4*i + 50, -i = 5*w - 17 - 7. Suppose 13 + i = 3*r. Let d = r + 34. What is the units digit of d?
3
Let z = 1924 + -1052. Let d = -557 + z. What is the hundreds digit of d?
3
Suppose -b + 9*s + 1935 = 6*s, s + 5837 = 3*b. What is the thousands digit of b?
1
Let b = -295 + 545. Suppose 0 = -k + 6*k - b. What is the tens digit of k?
5
What is the units digit of -5 - (-237968)/48 - (-2)/6?
3
Suppose -2*r + 387 = r + 2*z, -387 = -3*r + 4*z. What is the units digit of r?
9
What is the tens digit of (-112122)/(-90) - 16/20?
4
Let q(f) = -15*f - 3. Let l(g) = g - 1. Let u(p) = 3*l(p) + q(p). What is the tens digit of u(-4)?
4
Suppose -5*n + 3431 = -3*t, 3*t = 6 + 3. Let c = n + -406. What is the hundreds digit of c?
2
Let l be 2 - (-8 - (4 - 4)). Suppose l*w - 763 = 3*w. What is the units digit of w?
9
Suppose 0 = 4*v + 15 - 67. Suppose c = -2 + v. What is the tens digit of c?
1
Suppose -2*m - 2*p + 8 = 0, -2*m + p - 2*p + 4 = 0. Suppose -3*r + 5*u + 28 = -m*r, 0 = -u + 4. What is the units digit of r?
6
Suppose -2*l + 340 = -7*l. Let x = -21 - l. What is the units digit of x?
7
Let u = 1970 + -1901. What is the units digit of u?
9
Suppose 0 = 4*y - 5*g - 1529, -4*y = y - 2*g - 1907. Let p = -203 + y. What is the hundreds digit of p?
1
Suppose -155*d + 140*d = -8040. What is the tens digit of d?
3
What is the hundreds digit of (-2)/6 - (53375/15)/(-7)?
5
Let b(u) = -u**3 + 5*u**2 + 4. Let k be b(5). Suppose 4*p - 6 = f, 1 = k*f - 5*p + 3. Suppose -125 = -3*o - f*o. What is the tens digit of o?
2
Let p(d) = 5*d - 1. Let s be p(-3). Let n = s + 62. Let a = 81 - n. What is the units digit of a?
5
Let r be (-196)/(-3) + (-5)/15. Let n = 195 - r. What is the units digit of n?
0
Suppose l + 105 = -2*l. Let x be (-6)/(-21) - 2195/l. Suppose x = 4*g - 17. What is the tens digit of g?
2
Let q = 175 + 195. What is the tens digit of q?
7
What is the units digit of (12 + -7)*(-12310)/(-25)?
2
Let l(g) be the third derivative of -23*g**5/60 - g**4/12 - g**3/6 + g**2. 